False
Is 2886720973 composite?
True
Is 2534879251 a prime number?
True
Is 1269074743 a prime number?
True
Is 85115232253 a composite number?
False
Is 2036783123 a composite number?
False
Is 228506261 a prime number?
True
Is 673120673 a prime number?
True
Is 9185450803 a composite number?
False
Is 5009906623 a composite number?
True
Is 176665603 composite?
True
Is 1716923 a prime number?
False
Is 525535169 composite?
False
Is 396729659 composite?
False
Is 4965773929 a composite number?
True
Is 3476603369 prime?
True
Is 14705550151 a composite number?
False
Is 209490107 prime?
False
Is 2320148591 a prime number?
False
Is 38917117 composite?
False
Is 72103888309 a prime number?
False
Is 13891821767 a composite number?
False
Is 2146950739 prime?
False
Is 3196667567 composite?
False
Is 706747169 a composite number?
True
Is 6187788641 composite?
False
Is 24029922797 composite?
False
Is 4806698153 prime?
True
Is 57311782601 composite?
False
Is 68526140713 a composite number?
False
Is 686516837 prime?
True
Is 1477783569 a prime number?
False
Is 28918837147 a composite number?
False
Is 14893141897 composite?
True
Is 49626449 prime?
True
Is 87128082103 a composite number?
False
Is 47926657 composite?
False
Is 552822373 a prime number?
True
Is 92085809609 a composite number?
False
Is 3421218739 composite?
True
Is 992300187 composite?
True
Is 261613277 a composite number?
True
Is 338072543 a composite number?
True
Is 20511290599 a composite number?
True
Is 1718708623 a prime number?
True
Is 33417290827 prime?
True
Is 1661283983 prime?
False
Is 1116283957 a prime number?
False
Is 3771996407 a prime number?
True
Is 11000534066 composite?
True
Is 17928762413 prime?
False
Is 3132343243 a composite number?
True
Is 318769021 composite?
False
Is 83986661 composite?
True
Is 2286928117 composite?
True
Is 6752868347 a composite number?
False
Is 46298190931 a composite number?
True
Is 201376243 composite?
False
Is 30633937 a prime number?
True
Is 489587093 prime?
False
Is 7975679273 a prime number?
True
Is 2957217533 a prime number?
True
Is 18261255917 composite?
True
Is 347162237 composite?
False
Is 57374245349 prime?
True
Is 10969389143 composite?
False
Is 1606652741 a composite number?
True
Is 28917412091 composite?
False
Is 22330456423 a composite number?
True
Is 14667339763 a composite number?
False
Is 53651296499 a composite number?
True
Is 356761241 prime?
True
Is 2459628239 composite?
False
Is 47550386491 composite?
False
Is 7715510417 a composite number?
True
Is 607355563 prime?
False
Is 7050302249 a composite number?
True
Is 1378676077 prime?
True
Is 80086217063 a composite number?
True
Is 65281684051 a prime number?
True
Is 14877556723 a prime number?
False
Is 5498851663 a composite number?
True
Is 492543017 prime?
True
Is 29026412159 a prime number?
True
Is 22931829667 a composite number?
True
Is 4511655077 a composite number?
True
Is 14938267 a composite number?
False
Is 3271284547 a composite number?
False
Is 2082889133 composite?
True
Is 993723959 a prime number?
False
Is 440643803 composite?
True
Is 42101555567 prime?
True
Is 2084863303 a composite number?
True
Is 843277882 a composite number?
True
Is 81134392199 prime?
False
Is 55006979 a prime number?
True
Is 11920171754 a prime number?
False
Is 4775987653 a prime number?
True
Is 25663552061 a prime number?
False
Is 460636027 a prime number?
True
Is 952149389 prime?
True
Is 1856823121 composite?
True
Is 83640229 composite?
True
Is 51606630883 prime?
True
Is 204741299 a prime number?
False
Is 230028881 composite?
True
Is 4954116991 a prime number?
True
Is 575179273 a composite number?
False
Is 21766341151 a prime number?
False
Is 625749643 a composite number?
True
Is 1331056721 prime?
True
Is 41329376861 prime?
True
Is 8339425511 a composite number?
True
Is 193393337 prime?
True
Is 6032664413 prime?
False
Is 149119643 composite?
False
Is 17427964837 composite?
False
Is 811159079 prime?
True
Is 97037042411 a composite number?
False
Is 16537670783 a prime number?
True
Is 446677633 a composite number?
True
Is 1006633037 a composite number?
True
Is 12985407166 prime?
False
Is 5013161599 prime?
True
Is 337283461 composite?
False
Is 18717215969 composite?
False
Is 20830199219 composite?
True
Is 4696388639 prime?
True
Is 636685349 composite?
False
Is 315206861 a prime number?
True
Is 3199073797 prime?
False
Is 153551239 prime?
True
Is 15488485633 a composite number?
True
Is 934085423 composite?
False
Is 18545891053 prime?
True
Is 11677205506 prime?
False
Is 718237659 prime?
False
Is 3855182899 composite?
True
Is 427632279 a composite number?
True
Is 145517369 a prime number?
True
Is 9906847919 a prime number?
True
Is 38758121113 a prime number?
False
Is 969025493 composite?
False
Is 93242214367 a composite number?
False
Is 4066322101 composite?
False
Is 436469743 composite?
False
Is 26993528213 a composite number?
False
Is 30577277033 composite?
True
Is 1180024477 composite?
True
Is 14434829179 a prime number?
True
Is 457730213 composite?
False
Is 2205607861 a composite number?
True
Is 183760392097 prime?
True
Is 916038347 prime?
False
Is 9075218713 prime?
False
Is 1536497159 prime?
True
Is 436899997 composite?
False
Is 2967619327 a prime number?
True
Is 409716761 composite?
False
Is 1312314097 a prime number?
False
Is 991637929 prime?
True
Is 9663080311 a prime number?
False
Is 1839003323 prime?
True
Is 590871683 prime?
False
Is 4598110403 a composite number?
True
Is 2816629967 a prime number?
True
Is 7319248319 a prime number?
True
Is 6110205191 a prime number?
True
Is 31941131347 prime?
True
Is 243332371 prime?
True
Is 688279651 a composite number?
True
Is 150663012943 a composite number?
True
Is 1058320637 composite?
True
Is 5093041321 composite?
False
Is 8341964069 composite?
False
Is 258838163081 composite?
False
Is 108989063 a composite number?
True
Is 28602288131 a composite number?
False
Is 132867012841 a composite number?
False
Is 25980515347 a prime number?
True
Is 211107293 a prime number?
False
Is 1184110211 composite?
False
Is 16468430827 a composite number?
False
Is 23783774807 a prime number?
False
Is 296248317 prime?
False
Is 8240674361 a prime number?
False
Is 130951829 a composite number?
True
Is 3810271481 a composite number?
True
Is 38908912309 prime?
True
Is 4229232499 prime?
True
Is 468807967 a prime number?
False
Is 1224240013 composite?
True
Is 18901607 prime?
False
Is 93857918261 prime?
False
Is 2792615939 a prime number?
True
Is 137584705961 prime?
False
Is 109201826081 a composite number?
True
Is 304550101 a prime number?
True
Is 3709234939 a composite number?
True
Is 1795847351 composite?
False
Is 63118043 prime?
True
Is 1085190487 a prime number?
True
Is 141268171001 a composite number?
True
Is 372808907 prime?
False
Is 306736663 a prime number?
False
Is 49163266763 prime?
False
Is 2055429029 prime?
True
Is 9497388577 a composite number?
False
Is 547179965 prime?
False
Is 682544983 composite?
False
Is 790726639 a composite number?
True
Is 63502841597 composite?
True
Is 17025996665 a composite number?
True
Is 24295331197 composite?
True
Is 1093930207 a prime number?
False
Is 14609654507 a prime number?
False
Is 163664983 composite?
True
Is 1279191371 a prime number?
False
Is 18723754169 a prime number?
False
Is 93761888497 composite?
False
Is 987933307 a prime number?
True
Is 667269073 composite?
False
Is 5469479011 a prime number?
False
Is 1097361749 a composite number?
True
Is 24783848603 a composite number?
False
Is 18367873631 a prime number?
True
Is 114015921629 composite?
False
Is 1994916353 a prime number?
False
Is 8467400089 composite?
False
Is 75321179 prime?
False
Is 124363544273 composite?
True
Is 3106275937 prime?
True
Is 32704667789 composite?
False
Is 30774449 composite?
False
Is 256745222821 a composite number?
False
Is 108888477749 prime?
True
Is 1059865379 a prime number?
False
Is 630997307 a prime number?
True
Is 29157563621 a prime number?
True
Is 5371317449 a composite number?
False
Is 362179493 composite?
True
Is 1649145767 composite?
False
Is 52744343117 a composite number?
False
Is 118813320323 prime?
True
Is 4496806927 prime?
True
Is 6561702493 a prime number?
False
Is 11990273642 a prime number?
False
Is 3261537647 a composite number?
False
Is 3574